{"id":2071,"date":"2019-02-20T00:12:54","date_gmt":"2019-02-19T22:12:54","guid":{"rendered":"http:\/\/www.macguffin.at\/?page_id=2071"},"modified":"2019-02-20T00:36:35","modified_gmt":"2019-02-19T22:36:35","slug":"bioscope-2018","status":"publish","type":"page","link":"http:\/\/www.macguffin.at\/?page_id=2071","title":{"rendered":"BIOSCOPE 2018"},"content":{"rendered":"<p><img loading=\"lazy\" decoding=\"async\" src=\"http:\/\/www.macguffin.at\/wp-content\/uploads\/2018\/12\/surrealismus-im-fruehling-1080x607.jpg\" alt=\"\" width=\"850\" height=\"480\" class=\"aligncenter size-large wp-image-2050\" \/><\/p>\n<p>&nbsp;<\/p>\n<h1>MacGuffin&#8217;s BIOSCOPE zeigt<\/h1>\n<h2>Surrealismus im Fr\u00fchling &#8211; Nouvelle Vague in der \u010cSSR<\/h2>\n<p>&nbsp;<\/p>\n<h2>13. bis 27. Dezember 2018<\/h2>\n<p>&nbsp;<\/p>\n<h2>***<\/h2>\n<p>&nbsp;<\/p>\n<h2>JABBERWOCKY<\/h2>\n<h3>(ZVAHLAV ANEB SATICKY SLAMEN\u00c9HO HUBERTA)<\/h3>\n<h4>Regie: Jan \u0160vankmajer (\u010cSSR 1973 \/ OmU)<\/h4>\n<p><h2>TAUSENDSCH\u00d6NCHEN<\/h2>\n<h3>(S\/T)<\/h3>\n<h4>Regie: V\u011bra Chytilov\u00e1 (\u010cSSR 1966 \/ OmU)<\/h4>\n<p><h2>KASPERL UND DIE S\u00c4RGE<\/h2>\n<h3>(RAKVICKARNA)<\/h3>\n<h4>Regie: Jan \u0160vankmajer (\u010cSSR 1966 \/ OF)<\/h4>\n<p><h2>MARKETA LAZAROV\u00c1<\/h2>\n<h3>(S\/T)<\/h3>\n<h4>Regie: Franti\u0161ek Vl\u00e1\u010dil (\u010cSSR 1967 \/ OmU)<\/h4>\n<p><h2>DIE WOHNUNG<\/h2>\n<h3>(BYT)<\/h3>\n<h4>Regie: Jan \u0160vankmajer (\u010cSSR 1968 \/ OF)<\/h4>\n<p><h2>DIE WEIBCHEN<\/h2>\n<h3>(S\/T)<\/h3>\n<h4>Regie: Zbynek Brynych (DEU\/ITA\/FRA 1970 \/ DF)<\/h4>\n<p>\n&nbsp;<\/p>\n","protected":false},"excerpt":{"rendered":"<p>&nbsp; MacGuffin&#8217;s BIOSCOPE zeigt Surrealismus im Fr\u00fchling &#8211; Nouvelle Vague in der \u010cSSR &nbsp; 13. bis 27. Dezember 2018 &nbsp; *** &nbsp; JABBERWOCKY (ZVAHLAV ANEB SATICKY SLAMEN\u00c9HO HUBERTA) Regie: Jan \u0160vankmajer (\u010cSSR 1973 \/ OmU) TAUSENDSCH\u00d6NCHEN (S\/T) Regie: V\u011bra Chytilov\u00e1 (\u010cSSR 1966 \/ OmU) KASPERL UND DIE S\u00c4RGE (RAKVICKARNA) Regie: Jan \u0160vankmajer (\u010cSSR 1966 \/ [&hellip;]<\/p>\n","protected":false},"author":2,"featured_media":0,"parent":0,"menu_order":0,"comment_status":"closed","ping_status":"closed","template":"","meta":{"footnotes":""},"class_list":["post-2071","page","type-page","status-publish","hentry"],"_links":{"self":[{"href":"http:\/\/www.macguffin.at\/index.php?rest_route=\/wp\/v2\/pages\/2071","targetHints":{"allow":["GET"]}}],"collection":[{"href":"http:\/\/www.macguffin.at\/index.php?rest_route=\/wp\/v2\/pages"}],"about":[{"href":"http:\/\/www.macguffin.at\/index.php?rest_route=\/wp\/v2\/types\/page"}],"author":[{"embeddable":true,"href":"http:\/\/www.macguffin.at\/index.php?rest_route=\/wp\/v2\/users\/2"}],"replies":[{"embeddable":true,"href":"http:\/\/www.macguffin.at\/index.php?rest_route=%2Fwp%2Fv2%2Fcomments&post=2071"}],"version-history":[{"count":6,"href":"http:\/\/www.macguffin.at\/index.php?rest_route=\/wp\/v2\/pages\/2071\/revisions"}],"predecessor-version":[{"id":2079,"href":"http:\/\/www.macguffin.at\/index.php?rest_route=\/wp\/v2\/pages\/2071\/revisions\/2079"}],"wp:attachment":[{"href":"http:\/\/www.macguffin.at\/index.php?rest_route=%2Fwp%2Fv2%2Fmedia&parent=2071"}],"curies":[{"name":"wp","href":"https:\/\/api.w.org\/{rel}","templated":true}]}}