{"id":1925,"date":"2018-04-10T08:29:32","date_gmt":"2018-04-10T06:29:32","guid":{"rendered":"http:\/\/www.macguffin.at\/?page_id=1925"},"modified":"2018-04-10T09:19:17","modified_gmt":"2018-04-10T07:19:17","slug":"team","status":"publish","type":"page","link":"http:\/\/www.macguffin.at\/?page_id=1925","title":{"rendered":"TEAM"},"content":{"rendered":"<h2 style=\"text-align: left;\">A. HEIMO SVER<\/h2>\n<h4 style=\"text-align: left;\">*1965 in Graz<br \/>freier Journalist, Autor, Publizist und Kulturveranstalter<br \/>1995 Vorstandsmitglied und Leiter des Filmreferats Forum Stadtpark<br \/>seit 1997 Mitbegr\u00fcnder und Vorstandsmitglied von MACGUFFIN<br \/>Mitbegr\u00fcnder der Kulturmanagementplattform THE OUTFIT<\/h4>\n<\/p>\n<h2  style=\"text-align: left;\">MARIO SCHWARZL<\/h2>\n<h4 style=\"text-align: left;\">*1964 in Graz<br \/>freier Autor und Kulturveranstalter<br \/>1995 Mitarbeiter des Filmreferats Forum Stadtpark<br \/>Mitbegr\u00fcnder und seit 1997 Vorstandsmitglied von MACGUFFIN<br \/>freies Mitglied der Kulturmanagementplattform THE OUTFIT<\/h4>\n<\/p>\n<h2  style=\"text-align: left;\">J\u00d6RG VOGELTANZ<\/h2>\n<h4 style=\"text-align: left;\">*1968 in Graz<br \/>1988-1992 Studium der B\u00fchnengestaltung an der Kunstuniversit\u00e4t Graz<br \/>Sparten\u00fcbergreifender freischaffender K\u00fcnstler mit Schwerpunkten auf Illustration\/Grafik, Regie\/Schnitt\/Artwork und Graphic Novels<br \/>Mitbegr\u00fcnder und seit 1994 Vorstandsmitglied des Grazer Kunstvereins entrancexit<br \/>seit 1998 Lehrt\u00e4tigkeit an der FH Joanneum und seit 2009 an der Kunstuniversit\u00e4t Graz<br \/>Mitbegr\u00fcnder der Kulturmanagementplattform THE OUTFIT<br \/>seit 2016 Vorstandsmitglied von MACGUFFIN<\/h4>\n<\/p>\n<h2  style=\"text-align: left;\">ASTRID NESITKA<\/h2>\n<h4 style=\"text-align: left;\">*1969 in Graz<br \/>Studium der Architektur und Studium von Kulturmanagement und Sprachen<br \/>freie PR- und Projektmanagerin<br \/>2000-2012 organisatorische Mitarbeiterin des Filmzentrums im Rechbauerkino, Graz<br \/>seit 2006 Vorstandsmitglied von MACGUFFIN <br \/>Mitbegr\u00fcnderin der Kulturmanagementplattform THE OUTFIT<\/h4>\n<\/p>\n<h2  style=\"text-align: left;\">NIKOLA NESITKA<\/h2>\n<h4 style=\"text-align: left;\">*1998 in Graz<br \/>freier Internetgrafiker | Betreiber diverser YouTube-Formate<br \/>selbstst\u00e4ndiger Konsulent f\u00fcr kreative Fragen und L\u00f6sungsvorschl\u00e4ge im World Wide Web<br \/>Experte f\u00fcr Video- und Gaming-Entertainment<br \/>freies Mitglied der Kulturmanagementplattform THE OUTFIT<br \/>seit 2014 freier Mitarbeiter und seit 2016 Vorstandsmitglied von MACGUFFIN<\/h4>\n","protected":false},"excerpt":{"rendered":"<p>A. HEIMO SVER *1965 in Grazfreier Journalist, Autor, Publizist und Kulturveranstalter1995 Vorstandsmitglied und Leiter des Filmreferats Forum Stadtparkseit 1997 Mitbegr\u00fcnder und Vorstandsmitglied von MACGUFFINMitbegr\u00fcnder der Kulturmanagementplattform THE OUTFIT MARIO SCHWARZL *1964 in Grazfreier Autor und Kulturveranstalter1995 Mitarbeiter des Filmreferats Forum StadtparkMitbegr\u00fcnder und seit 1997 Vorstandsmitglied von MACGUFFINfreies Mitglied der Kulturmanagementplattform THE OUTFIT J\u00d6RG VOGELTANZ *1968 [&hellip;]<\/p>\n","protected":false},"author":4,"featured_media":0,"parent":1917,"menu_order":0,"comment_status":"closed","ping_status":"closed","template":"","meta":{"footnotes":""},"class_list":["post-1925","page","type-page","status-publish","hentry"],"_links":{"self":[{"href":"http:\/\/www.macguffin.at\/index.php?rest_route=\/wp\/v2\/pages\/1925","targetHints":{"allow":["GET"]}}],"collection":[{"href":"http:\/\/www.macguffin.at\/index.php?rest_route=\/wp\/v2\/pages"}],"about":[{"href":"http:\/\/www.macguffin.at\/index.php?rest_route=\/wp\/v2\/types\/page"}],"author":[{"embeddable":true,"href":"http:\/\/www.macguffin.at\/index.php?rest_route=\/wp\/v2\/users\/4"}],"replies":[{"embeddable":true,"href":"http:\/\/www.macguffin.at\/index.php?rest_route=%2Fwp%2Fv2%2Fcomments&post=1925"}],"version-history":[{"count":8,"href":"http:\/\/www.macguffin.at\/index.php?rest_route=\/wp\/v2\/pages\/1925\/revisions"}],"predecessor-version":[{"id":1946,"href":"http:\/\/www.macguffin.at\/index.php?rest_route=\/wp\/v2\/pages\/1925\/revisions\/1946"}],"up":[{"embeddable":true,"href":"http:\/\/www.macguffin.at\/index.php?rest_route=\/wp\/v2\/pages\/1917"}],"wp:attachment":[{"href":"http:\/\/www.macguffin.at\/index.php?rest_route=%2Fwp%2Fv2%2Fmedia&parent=1925"}],"curies":[{"name":"wp","href":"https:\/\/api.w.org\/{rel}","templated":true}]}}

<h2 style="text-align: left;">A. HEIMO SVER</h2>
<h4 style="text-align: left;">*1965 in Graz<br />freier Journalist, Autor, Publizist und Kulturveranstalter<br />1995 Vorstandsmitglied und Leiter des Filmreferats Forum Stadtpark<br />seit 1997 Mitbegründer und Vorstandsmitglied von MACGUFFIN<br />Mitbegründer der Kulturmanagementplattform THE OUTFIT</h4>
</p>
<h2  style="text-align: left;">MARIO SCHWARZL</h2>
<h4 style="text-align: left;">*1964 in Graz<br />freier Autor und Kulturveranstalter<br />1995 Mitarbeiter des Filmreferats Forum Stadtpark<br />Mitbegründer und seit 1997 Vorstandsmitglied von MACGUFFIN<br />freies Mitglied der Kulturmanagementplattform THE OUTFIT</h4>
</p>
<h2  style="text-align: left;">JÖRG VOGELTANZ</h2>
<h4 style="text-align: left;">*1968 in Graz<br />1988-1992 Studium der Bühnengestaltung an der Kunstuniversität Graz<br />Spartenübergreifender freischaffender Künstler mit Schwerpunkten auf Illustration/Grafik, Regie/Schnitt/Artwork und Graphic Novels<br />Mitbegründer und seit 1994 Vorstandsmitglied des Grazer Kunstvereins entrancexit<br />seit 1998 Lehrtätigkeit an der FH Joanneum und seit 2009 an der Kunstuniversität Graz<br />Mitbegründer der Kulturmanagementplattform THE OUTFIT<br />seit 2016 Vorstandsmitglied von MACGUFFIN</h4>
</p>
<h2  style="text-align: left;">ASTRID NESITKA</h2>
<h4 style="text-align: left;">*1969 in Graz<br />Studium der Architektur und Studium von Kulturmanagement und Sprachen<br />freie PR- und Projektmanagerin<br />2000-2012 organisatorische Mitarbeiterin des Filmzentrums im Rechbauerkino, Graz<br />seit 2006 Vorstandsmitglied von MACGUFFIN <br />Mitbegründerin der Kulturmanagementplattform THE OUTFIT</h4>
</p>
<h2  style="text-align: left;">NIKOLA NESITKA</h2>
<h4 style="text-align: left;">*1998 in Graz<br />freier Internetgrafiker | Betreiber diverser YouTube-Formate<br />selbstständiger Konsulent für kreative Fragen und Lösungsvorschläge im World Wide Web<br />Experte für Video- und Gaming-Entertainment<br />freies Mitglied der Kulturmanagementplattform THE OUTFIT<br />seit 2014 freier Mitarbeiter und seit 2016 Vorstandsmitglied von MACGUFFIN</h4>

<p>A. HEIMO SVER *1965 in Grazfreier Journalist, Autor, Publizist und Kulturveranstalter1995 Vorstandsmitglied und Leiter des Filmreferats Forum Stadtparkseit 1997 Mitbegründer und Vorstandsmitglied von MACGUFFINMitbegründer der Kulturmanagementplattform THE OUTFIT MARIO SCHWARZL *1964 in Grazfreier Autor und Kulturveranstalter1995 Mitarbeiter des Filmreferats Forum StadtparkMitbegründer und seit 1997 Vorstandsmitglied von MACGUFFINfreies Mitglied der Kulturmanagementplattform THE OUTFIT JÖRG VOGELTANZ *1968 [&hellip;]</p>
